{"id":10493,"date":"2019-04-01T10:24:47","date_gmt":"2019-04-01T08:24:47","guid":{"rendered":"http:\/\/ascheffel.athletico-buedelsdorf.de\/?page_id=10493"},"modified":"2019-04-01T10:24:49","modified_gmt":"2019-04-01T08:24:49","slug":"dropzones-2019","status":"publish","type":"page","link":"http:\/\/rund-um-ascheffel.de\/?page_id=10493","title":{"rendered":"Dropzones 2019"},"content":{"rendered":"\n<p>Leider hat es sich eingeb\u00fcrgert, da\u00df Gels, M\u00fcsliriegel &#8230;\ngerne w\u00e4hrend des Rennens \u201eirgendwo\u201c entsorgt werden. Mit zunehmend\nherum-m\u00fcllender Tendenz. Jedes Jahr schlimmer. \u2013 Anwohner und B\u00fcrgermeister\nsind mehr als genervt, wir auch, denn wir d\u00fcrfen gerne sammeln und putzen. Und\nwenn Gemecker kommt, auch noch mal nach-sammeln.<\/p>\n\n\n\n<p>Unter Wettkampf &gt;&gt; <strong>Dropzones <\/strong>ist\nbeschrieben, <strong>wo Ihr entsorgen d\u00fcrft. <\/strong>NUR DORT !<\/p>\n\n\n\n<p>Please do\nnot litter ; use our dropzones ; see &#8222;Wettkampf&#8220; &gt;&gt; &#8222;Dropzones&#8220;<strong><\/strong><\/p>\n","protected":false},"excerpt":{"rendered":"<p>Leider hat es sich eingeb\u00fcrgert, da\u00df Gels, M\u00fcsliriegel &#8230; gerne w\u00e4hrend des Rennens \u201eirgendwo\u201c entsorgt werden. Mit zunehmend herum-m\u00fcllender Tendenz. Jedes Jahr schlimmer. \u2013 Anwohner und B\u00fcrgermeister sind mehr als genervt, wir auch, denn&#46;&#46;&#46;<\/p>\n","protected":false},"author":2,"featured_media":0,"parent":0,"menu_order":0,"comment_status":"closed","ping_status":"closed","template":"","meta":{"ngg_post_thumbnail":0},"_links":{"self":[{"href":"http:\/\/rund-um-ascheffel.de\/index.php?rest_route=\/wp\/v2\/pages\/10493"}],"collection":[{"href":"http:\/\/rund-um-ascheffel.de\/index.php?rest_route=\/wp\/v2\/pages"}],"about":[{"href":"http:\/\/rund-um-ascheffel.de\/index.php?rest_route=\/wp\/v2\/types\/page"}],"author":[{"embeddable":true,"href":"http:\/\/rund-um-ascheffel.de\/index.php?rest_route=\/wp\/v2\/users\/2"}],"replies":[{"embeddable":true,"href":"http:\/\/rund-um-ascheffel.de\/index.php?rest_route=%2Fwp%2Fv2%2Fcomments&post=10493"}],"version-history":[{"count":1,"href":"http:\/\/rund-um-ascheffel.de\/index.php?rest_route=\/wp\/v2\/pages\/10493\/revisions"}],"predecessor-version":[{"id":10494,"href":"http:\/\/rund-um-ascheffel.de\/index.php?rest_route=\/wp\/v2\/pages\/10493\/revisions\/10494"}],"wp:attachment":[{"href":"http:\/\/rund-um-ascheffel.de\/index.php?rest_route=%2Fwp%2Fv2%2Fmedia&parent=10493"}],"curies":[{"name":"wp","href":"https:\/\/api.w.org\/{rel}","templated":true}]}}