{"id":70,"date":"2014-08-12T13:34:23","date_gmt":"2014-08-12T11:34:23","guid":{"rendered":"http:\/\/ascheffel.athletico-buedelsdorf.de\/?page_id=70"},"modified":"2020-02-29T21:35:13","modified_gmt":"2020-02-29T19:35:13","slug":"faqs","status":"publish","type":"page","link":"http:\/\/rund-um-ascheffel.de\/?page_id=70","title":{"rendered":"FAQ`s"},"content":{"rendered":"\n<h2>\u00dcbernachtung<\/h2>\n\n\n\n<p>4 Personen-Ferienwohnung &#8211; Vermieterin Ulrike Brusgatis &#8211;  Ascheffel &#8222;Schulberg 5&#8220; &#8211; <a href=\"mailto:ulrike@brusgatis.de\">ulrike@brusgatis.de<\/a> &#8211;  Telefon 0160-97902109<\/p>\n\n\n\n<p>Globetrotter Lodge (auf dem Aschberg = N\u00e4he Start\/Ziel) ; <a href=\"http:\/\/www.globetrotter-lodge.de\/hotel\/globetrotter-lodge\">http:\/\/www.globetrotter-lodge.de\/hotel\/globetrotter-lodge<\/a> ; Tel.-Nr. (04353) 99800010 ; <a href=\"mailto:rezeption@globetrotter-lodge.de\">rezeption@globetrotter-lodge.de<br><\/a><a href=\"mailto:info@schnackstuuv.de\"><br><\/a>Ferienwohnungen <a href=\"http:\/\/www.ferienhauskoehler.de\">www.ferienhauskoehler.de<\/a><\/p>\n\n\n\n<p>Pension &#8222;Alter Bahnhof&#8220; in Ascheffel ; Tel.-Nr. +49 (0) 4353\/694<\/p>\n\n\n\n<p>Hotel &#8222;Katerberg&#8220; <a href=\"http:\/\/www.hotelkaterberg.de\">www.hotelkaterberg.de<\/a><\/p>\n\n\n\n<p><a href=\"http:\/\/www.hotelkaterberg.de\"><br><\/a>Hotel &#8222;Sch\u00fctzenhof&#8220; <a rel=\"noreferrer noopener\" href=\"http:\/\/www.hotel-wittensee.de\/\" target=\"_blank\">www.hotel-wittensee.de<\/a><\/p>\n\n\n\n<p><a rel=\"noreferrer noopener\" href=\"http:\/\/www.hotel-wittensee.de\/\" target=\"_blank\"><br><\/a>Pension Ponyhof Naeve <a href=\"http:\/\/www.ponyhof-wittensee.de\">www.ponyhof-wittensee.de<\/a><\/p>\n\n\n\n<h2>Wie Nenngeld bezahlen ?<\/h2>\n\n\n\n<p>Es wird bei der Meldung automatisch abgebucht.<\/p>\n\n\n\n<h2>Anmeldung<\/h2>\n\n\n\n<p><strong>Anmeldung : <\/strong>Ist nach Ver\u00f6ffentlichung der Ausschreibung beim BDR m\u00f6glich. Klick &#8230;<br><a href=\"http:\/\/www.rad-net.de\" target=\"_blank\" rel=\"noreferrer noopener\">www.rad-net.de<\/a> &gt; Ausschreibungen &gt; Disziplin-Filter &#8222;Stra\u00dfe&#8220; &gt; Bundesland-Filter &#8222;Schleswig-Holstein&#8220;<\/p>\n\n\n\n<h2>Start &#8211; Wo befindet sich der Start<\/h2>\n\n\n\n<p> Er befindet sich in Ascheffel &#8211; Aschbergweg Ecke Dorfstrasse<\/p>\n\n\n\n<h2>Ziel &#8211; Wo befindet sich das Ziel?<\/h2>\n\n\n\n<p>Es befindet sich in Ascheffel, Dorfstrasse in H\u00f6he B\u00e4ckerei Rehbehn.<\/p>\n\n\n\n<h2>Duschen\/Umkleide<\/h2>\n\n\n\n<figure class=\"wp-block-image\"><img loading=\"lazy\" width=\"648\" height=\"515\" src=\"http:\/\/ascheffel.athletico-buedelsdorf.de\/wp-content\/uploads\/2019\/03\/Screenshot_2019-03-27-Radrennstrecke-Ascheffel-Rund-um-Ascheffel-GPSies.png\" alt=\"\" class=\"wp-image-10444\" srcset=\"http:\/\/rund-um-ascheffel.de\/wp-content\/uploads\/2019\/03\/Screenshot_2019-03-27-Radrennstrecke-Ascheffel-Rund-um-Ascheffel-GPSies.png 648w, http:\/\/rund-um-ascheffel.de\/wp-content\/uploads\/2019\/03\/Screenshot_2019-03-27-Radrennstrecke-Ascheffel-Rund-um-Ascheffel-GPSies-300x238.png 300w\" sizes=\"(max-width: 648px) 100vw, 648px\" \/><\/figure>\n\n\n\n<p>In der <strong>Sporthalle Schulberg<\/strong> (als D-Schule eingezeichnet) und in der <strong>D\u00e4nischen Schule<\/strong> (als DK-Schule eingezeichnet) befinden sich <strong>Duschen <\/strong>und <strong>Umkleidem\u00f6glichkeiten<\/strong>. &#8211; Die krakelige rote Linie kennzeichnet eine fu\u00df-l\u00e4ufige Abk\u00fcrzung zwischen den Schulen.<\/p>\n\n\n\n<p class=\"has-text-color has-vivid-red-color\"><strong>Duschen f\u00fcr Frauen :<\/strong> <strong>D\u00e4nische Schule<\/strong> (Dorfstra\u00dfe oberhalb von Start\/Ziel), r<strong>eserviert von &#8230; bis &#8230; siehe Ausschreibung<\/strong><\/p>\n\n\n\n<h2>Anfahrt nach Ascheffel<\/h2>\n\n\n\n<p>&#8211; A 7 &#8211; Autobahnabfahrt Owschlag<\/p>\n\n\n\n<p>&#8211; L 265 &#8211; Richtung Ascheffel, Ahlefeld, Eckernf\u00f6rde<\/p>\n\n\n\n<p>&#8211; nach ca. 2,5 km erreichst Du Ascheffel<\/p>\n\n\n\n<h2>Rennstrecke<\/h2>\n\n\n\n<p>Die Streckenf\u00fchrung ist bei allen Rennen identisch. Es wird folgender Kurs im Uhrzeigersinn gefahren:<\/p>\n\n\n\n<p><a href=\"https:\/\/www.gpsies.com\/map.do?fileId=hefgbgrupwmngltz\" target=\"_blank\" rel=\"noreferrer noopener\"><strong>Rennstrecke &#8222;Rund um Ascheffel&#8220;<\/strong><\/a><\/p>\n\n\n\n<p>Strecke: Ascheffel &#8211; N\u00e4he Brekendorf &#8211; Saar &#8211; Wolfkrug &#8211; Fellhorst &#8211; Hummelfeld &#8211; H\u00fctten &#8211; Ascheffel &#8212; Es ist uns untersagt, die Strecke zu markieren. Ihr findet also KEINE Abbiege-Hinweise !<\/p>\n\n\n\n<h2>Besenwagen<\/h2>\n\n\n\n<p>Einen &#8222;Besenwagen&#8220; gibt es f\u00fcr alle Rennen. Der Wagen ist permanent bis zum Veranstaltungsende unterwegs.<\/p>\n","protected":false},"excerpt":{"rendered":"<p>\u00dcbernachtung 4 Personen-Ferienwohnung &#8211; Vermieterin Ulrike Brusgatis &#8211; Ascheffel &#8222;Schulberg 5&#8220; &#8211; ulrike@brusgatis.de &#8211; Telefon 0160-97902109 Globetrotter Lodge (auf dem Aschberg = N\u00e4he Start\/Ziel) ; http:\/\/www.globetrotter-lodge.de\/hotel\/globetrotter-lodge ; Tel.-Nr. (04353) 99800010 ; rezeption@globetrotter-lodge.deFerienwohnungen www.ferienhauskoehler.de Pension&#46;&#46;&#46;<\/p>\n","protected":false},"author":1,"featured_media":0,"parent":0,"menu_order":0,"comment_status":"open","ping_status":"open","template":"","meta":{"ngg_post_thumbnail":0},"_links":{"self":[{"href":"http:\/\/rund-um-ascheffel.de\/index.php?rest_route=\/wp\/v2\/pages\/70"}],"collection":[{"href":"http:\/\/rund-um-ascheffel.de\/index.php?rest_route=\/wp\/v2\/pages"}],"about":[{"href":"http:\/\/rund-um-ascheffel.de\/index.php?rest_route=\/wp\/v2\/types\/page"}],"author":[{"embeddable":true,"href":"http:\/\/rund-um-ascheffel.de\/index.php?rest_route=\/wp\/v2\/users\/1"}],"replies":[{"embeddable":true,"href":"http:\/\/rund-um-ascheffel.de\/index.php?rest_route=%2Fwp%2Fv2%2Fcomments&post=70"}],"version-history":[{"count":17,"href":"http:\/\/rund-um-ascheffel.de\/index.php?rest_route=\/wp\/v2\/pages\/70\/revisions"}],"predecessor-version":[{"id":12183,"href":"http:\/\/rund-um-ascheffel.de\/index.php?rest_route=\/wp\/v2\/pages\/70\/revisions\/12183"}],"wp:attachment":[{"href":"http:\/\/rund-um-ascheffel.de\/index.php?rest_route=%2Fwp%2Fv2%2Fmedia&parent=70"}],"curies":[{"name":"wp","href":"https:\/\/api.w.org\/{rel}","templated":true}]}}