{"id":9561,"date":"2017-07-04T08:03:49","date_gmt":"2017-07-04T06:03:49","guid":{"rendered":"http:\/\/ascheffel.athletico-buedelsdorf.de\/?page_id=9561"},"modified":"2017-07-04T08:03:49","modified_gmt":"2017-07-04T06:03:49","slug":"rund-um-ascheffel-2017-gedanken-danach","status":"publish","type":"page","link":"http:\/\/rund-um-ascheffel.de\/?page_id=9561","title":{"rendered":"&#8222;Rund um Ascheffel 2017&#8220; &#8211; Gedanken &#8222;danach&#8220;"},"content":{"rendered":"<h1 class=\"post-title entry-title\">Das war \u2026 \u201eRund um Ascheffel\u201c 2017 \u2026 zum 26. Mal<\/h1>\n<div class=\"clear\">&nbsp;Ausgetragen als <strong>\u201eMeisterschaften der Nordverb\u00e4nde SH, HH, MEV, HB\u201c<\/strong> im Stra\u00dfenrennen ; gleichzeitig deren Landesmeisterschaft.&nbsp;<\/div>\n<div class=\"entry themeform\">\n<div class=\"entry-inner\">\n<p>\u2026 \u2026 \u2026<\/p>\n<p>\u201eAscheffel 2017 in Bewegung\u201c (Copyright : Matthias Prinz) -&gt; <a href=\"https:\/\/drive.google.com\/file\/d\/0B31JrS3nFw-Sejc4UnNYMkROSjA\/view?usp=drivesdk\" target=\"_blank\" rel=\"noopener\"><strong>VIDEO \u201eAscheffel 2017\u201c<\/strong><\/a><\/p>\n<p>\u2026 \u2026 \u2026<\/p>\n<p>Ergebnisse \u2013 Archiv \u2026 schaut bitte dort !<\/p>\n<div id=\"attachment_9548\" class=\"wp-caption alignleft\">\n<p><img loading=\"lazy\" class=\" wp-image-9548\" src=\"http:\/\/ascheffel.athletico-buedelsdorf.de\/wp-content\/uploads\/2016\/03\/2017-Ascheffel-NDM-Sen.IV-im-Anstieg-160x300.jpg\" sizes=\"(max-width: 126px) 100vw, 126px\" srcset=\"http:\/\/ascheffel.athletico-buedelsdorf.de\/wp-content\/uploads\/2016\/03\/2017-Ascheffel-NDM-Sen.IV-im-Anstieg-160x300.jpg 160w, http:\/\/ascheffel.athletico-buedelsdorf.de\/wp-content\/uploads\/2016\/03\/2017-Ascheffel-NDM-Sen.IV-im-Anstieg-768x1437.jpg 768w, http:\/\/ascheffel.athletico-buedelsdorf.de\/wp-content\/uploads\/2016\/03\/2017-Ascheffel-NDM-Sen.IV-im-Anstieg-547x1024.jpg 547w, http:\/\/ascheffel.athletico-buedelsdorf.de\/wp-content\/uploads\/2016\/03\/2017-Ascheffel-NDM-Sen.IV-im-Anstieg.jpg 1488w\" alt=\"\" width=\"126\" height=\"236\"><\/p>\n<p class=\"wp-caption-text\">Jochen Keiler zieht durch \u2026 und ist alsbald Landesmeister in Schleswig-Holstein<\/p>\n<\/div>\n<h3>Damit ist nun auch das wichtigste und gr\u00f6\u00dfte Rad-Rennen Nord-Deutschlands Geschichte \u2013 und vorbei.<\/h3>\n<h4>Nach so vielen sch\u00f6nen Jahren. Traurig. \u2013 Lest dazu im \u201eArchiv 2017\u201c nach, wenn Ihr Details wissen wollt.<\/h4>\n<p>Uns hat unz\u00e4hliges Schulterklopfen erreicht, kein Radsportler will auf diesen herrlichen Kurs verzichten, die B\u00fcrgermeister der anliegenden Orte stehen auf unserer Seite \u2026 gibt es vielleicht doch eine Fortsetzung ?<\/p>\n<p>Mit dem d\u00e4nischen Radsportverein RKCC = R\u00f8dekro Cykle Club in R\u00f8dekro (gleich hinter der Grenze ; wenige Kilometer n\u00f6rdlich von Flensburg) hatten wir vor l\u00e4ngerer Zeit eine Kooperation ausgemacht :<\/p>\n<p><strong>Samstag, den 24.03.2018 \u201eRund um Ascheffel\u201c<\/strong><\/p>\n<p><strong>Sonntag, den 25.03.2018 Stra\u00dfenrennen in R\u00f8dekro<\/strong><\/p>\n<h3>Sollten sich Menschen finden, die Man-Woman-Power einbringen, die entsprechenden Euronen wuppen, H\u00fcrden umschiffen, die dem Radsport entgegen stehen \u2026 dann gibt es eventuell doch \u201eRund um Ascheffel\u201c ; die 27. Austragung ; anno 2018<\/h3>\n<\/div>\n<\/div>\n","protected":false},"excerpt":{"rendered":"<p>Das war \u2026 \u201eRund um Ascheffel\u201c 2017 \u2026 zum 26. Mal &nbsp;Ausgetragen als \u201eMeisterschaften der Nordverb\u00e4nde SH, HH, MEV, HB\u201c im Stra\u00dfenrennen ; gleichzeitig deren Landesmeisterschaft.&nbsp; \u2026 \u2026 \u2026 \u201eAscheffel 2017 in Bewegung\u201c (Copyright&#46;&#46;&#46;<\/p>\n","protected":false},"author":2,"featured_media":0,"parent":0,"menu_order":0,"comment_status":"closed","ping_status":"closed","template":"","meta":{"ngg_post_thumbnail":0},"_links":{"self":[{"href":"http:\/\/rund-um-ascheffel.de\/index.php?rest_route=\/wp\/v2\/pages\/9561"}],"collection":[{"href":"http:\/\/rund-um-ascheffel.de\/index.php?rest_route=\/wp\/v2\/pages"}],"about":[{"href":"http:\/\/rund-um-ascheffel.de\/index.php?rest_route=\/wp\/v2\/types\/page"}],"author":[{"embeddable":true,"href":"http:\/\/rund-um-ascheffel.de\/index.php?rest_route=\/wp\/v2\/users\/2"}],"replies":[{"embeddable":true,"href":"http:\/\/rund-um-ascheffel.de\/index.php?rest_route=%2Fwp%2Fv2%2Fcomments&post=9561"}],"version-history":[{"count":2,"href":"http:\/\/rund-um-ascheffel.de\/index.php?rest_route=\/wp\/v2\/pages\/9561\/revisions"}],"predecessor-version":[{"id":9563,"href":"http:\/\/rund-um-ascheffel.de\/index.php?rest_route=\/wp\/v2\/pages\/9561\/revisions\/9563"}],"wp:attachment":[{"href":"http:\/\/rund-um-ascheffel.de\/index.php?rest_route=%2Fwp%2Fv2%2Fmedia&parent=9561"}],"curies":[{"name":"wp","href":"https:\/\/api.w.org\/{rel}","templated":true}]}}