{"id":9647,"date":"2018-01-16T17:18:14","date_gmt":"2018-01-16T15:18:14","guid":{"rendered":"http:\/\/ascheffel.athletico-buedelsdorf.de\/?page_id=9647"},"modified":"2020-02-10T22:07:53","modified_gmt":"2020-02-10T20:07:53","slug":"daenemark-ausschreibung-meldung","status":"publish","type":"page","link":"http:\/\/rund-um-ascheffel.de\/?page_id=9647","title":{"rendered":"D\u00e4nemark &#8211; Ausschreibung Meldung"},"content":{"rendered":"\n<div class=\"wp-block-image\"><figure class=\"alignleft is-resized\"><img loading=\"lazy\" src=\"http:\/\/ascheffel.athletico-buedelsdorf.de\/wp-content\/uploads\/2020\/01\/Screenshot_2020-01-24-Tilmelding-1024x150.png\" alt=\"\" class=\"wp-image-12081\" width=\"1203\" height=\"176\" srcset=\"http:\/\/rund-um-ascheffel.de\/wp-content\/uploads\/2020\/01\/Screenshot_2020-01-24-Tilmelding-1024x150.png 1024w, http:\/\/rund-um-ascheffel.de\/wp-content\/uploads\/2020\/01\/Screenshot_2020-01-24-Tilmelding-300x44.png 300w, http:\/\/rund-um-ascheffel.de\/wp-content\/uploads\/2020\/01\/Screenshot_2020-01-24-Tilmelding-768x113.png 768w, http:\/\/rund-um-ascheffel.de\/wp-content\/uploads\/2020\/01\/Screenshot_2020-01-24-Tilmelding.png 1560w\" sizes=\"(max-width: 1203px) 100vw, 1203px\" \/><figcaption><strong><a href=\"https:\/\/www.cyklingdanmark.dk\/tilmelding\/\" target=\"_blank\" rel=\"noreferrer noopener\" aria-label=\"Homepage D\u00e4nischer Radsportverband DCU (\u00f6ffnet in neuem Tab)\">Homepage D\u00e4nischer Radsportverband DCU<\/a><\/strong><\/figcaption><\/figure><\/div>\n\n\n<p><strong><span style=\"color: #ff00ff;\">F\u00fcr Lizenz-Fahrer &#8230;<\/span><\/strong> <span style=\"color: #000000;\">&#8222;Meldgaardl\u00f8bet 2020&#8220; :<\/span><\/p>\n<p><a href=\"https:\/\/www.cyklingdanmark.dk\/tilmelding\" target=\"_blank\" rel=\"noopener noreferrer\"><strong>https:\/\/www.cyklingdanmark.dk\/tilmelding<\/strong><\/a><\/p>\n<p>Bitte <span style=\"color: #3366ff;\"><a style=\"color: #3366ff;\" href=\"https:\/\/www.rkcc.dk\/wie-melde-ich-mich-an\" target=\"_blank\" rel=\"noopener noreferrer\">https:\/\/www.rkcc.dk\/wie-melde-ich-mich-an<\/a><\/span> anklicken !<\/p>\n<p>&#8230; &#8230; &#8230;<\/p>\n<p><strong><span style=\"color: #ff00ff;\">F\u00fcr Hobby (in DK = MOTION) &#8230; <span style=\"color: #000000;\">&#8222;<\/span><\/span><\/strong><span style=\"color: #000000;\">Meldgaard l\u00f8bet 2020 Motionsrace&#8220; :<br><\/span><\/p>\n<p><a href=\"https:\/\/www.cyklingdanmark.dk\/tilmelding\" target=\"_blank\" rel=\"noopener noreferrer\"><strong>https:\/\/www.cyklingdanmark.dk\/tilmelding<\/strong><\/a><\/p>\n<p>Bitte <a href=\"https:\/\/www.rkcc.dk\/wie-melde-ich-mich-an\" target=\"_blank\" rel=\"noopener noreferrer\"><span style=\"color: #3366ff;\">https:\/\/www.rkcc.dk\/wie-melde-ich-mich-an<\/span><\/a> anklicken !<\/p>\n<p>&#8230; &#8230; &#8230;<\/p>\n<p><span style=\"color: #800080;\"><strong>So war es 2019 &#8211; ich hoffe, es gilt auch 2020 noch !<\/strong><\/span><\/p>\n<p>Wenn ich mich auf diese Seite mit <strong>Mozilla Firefox<\/strong> begebe, sehe ich alles in D\u00e4nisch. &#8211; Mit <strong>Google Chrome<\/strong> ist es vorwiegend in Deutsch, teilweise in Englisch.<\/p>\n<p>&#8211; nun &#8230; das R\u00f8dekro-Rennen anklicken<\/p>\n<p>&#8211; die Ausschreibung ist auf D\u00e4nisch sichtbar ; den Text in den Google Translater kopieren ; dann ist alles (weitgehend) verst\u00e4ndlich<\/p>\n<p>&#8211; Rechts oben auf dieser Seite : <span style=\"color: #00ff00;\"><strong>Gr\u00fcner<\/strong> <strong>Button<\/strong><\/span> \u201eSTART TILMELDING\u201c (Anmeldung beginnen)<\/p>\n<p>&#8211;&nbsp;opret profil = Profil erstellen &#8211; Felder f\u00fcllen (Person-oplysninger = pers\u00f6nliche Infos ; F\u00f8dselsdato = Geburtsdatum ; Tilh\u00f8rsforhold = Zugeh\u00f6rigkeit \u2192 Euren Klub eingeben ; Firma = Feld frei lassen ; By = Stadt ; Land ausw\u00e4hlen ; Deutschland = Tyskland ;Telefonnummer z.B. +49433151740 ; Passwort eingeben<\/p>\n<p>&#8211; beim Weiterklicken tun sich neue Seiten auf (D\u00e4nische Lizenz &#8211; Ausl\u00e4ndische (foreign) Lizenz), also letzteres anklicken -&gt; UCI-ID &#8230; nur Zahlen eintippen, Name, eMail-Adresse, Verein, Renn-Klasse<\/p>\n<p>&#8211; weiter anklicken : Fragen zum Transponder=Chip beantworten -&gt; weiter<\/p>\n<p>&#8211; AGB-H\u00e4kchen setzen<\/p>\n<p>&#8211; Bezahlung erledigen ; dies habe ich probeweise nicht durchgef\u00fchrt, weil ich schon in R\u00f8dekro \u00fcber das alte System gemeldet bin. 2x blechen will ich nun auch nicht. &#8211; Ich hoffe, es geht alles (weitgehend) unproblematisch. Gerne Infos an mich \u00fcber <a href=\"mailto:ascheffel-rennen@gmx.de\">ascheffel-rennen@gmx.de<\/a><\/p>\n<p>&#8230; &#8230; &#8230;<\/p>\n<p><strong>Wissenswertes<\/strong> : Die D\u00e4nen haben Kronen DKK, keinen \u20ac. &#8211; Dennoch &#8230; dank SEPA sind internationale \u00dcberweisungen dorthin (fast) geb\u00fchrenfrei. &#8211; Cash-Zahlungen vor Ort f\u00fcr einen Kaffee oder einen leckeren P\u00f8lser sind NICHT in \u20ac m\u00f6glich. &#8211; Au\u00dferdem : Personalausweis dabei haben ; ich mu\u00dfte ihn zwar nie zeigen und habe auch an der Grenze nie gewartet ; jedoch &#8230; man wei\u00df nie.<\/p>","protected":false},"excerpt":{"rendered":"<p>F\u00fcr Lizenz-Fahrer &#8230; &#8222;Meldgaardl\u00f8bet 2020&#8220; : https:\/\/www.cyklingdanmark.dk\/tilmelding Bitte https:\/\/www.rkcc.dk\/wie-melde-ich-mich-an anklicken ! &#8230; &#8230; &#8230; F\u00fcr Hobby (in DK = MOTION) &#8230; &#8222;Meldgaard l\u00f8bet 2020 Motionsrace&#8220; : https:\/\/www.cyklingdanmark.dk\/tilmelding Bitte https:\/\/www.rkcc.dk\/wie-melde-ich-mich-an anklicken ! &#8230; &#8230; &#8230;&#46;&#46;&#46;<\/p>\n","protected":false},"author":2,"featured_media":0,"parent":0,"menu_order":0,"comment_status":"closed","ping_status":"closed","template":"","meta":{"ngg_post_thumbnail":0},"_links":{"self":[{"href":"http:\/\/rund-um-ascheffel.de\/index.php?rest_route=\/wp\/v2\/pages\/9647"}],"collection":[{"href":"http:\/\/rund-um-ascheffel.de\/index.php?rest_route=\/wp\/v2\/pages"}],"about":[{"href":"http:\/\/rund-um-ascheffel.de\/index.php?rest_route=\/wp\/v2\/types\/page"}],"author":[{"embeddable":true,"href":"http:\/\/rund-um-ascheffel.de\/index.php?rest_route=\/wp\/v2\/users\/2"}],"replies":[{"embeddable":true,"href":"http:\/\/rund-um-ascheffel.de\/index.php?rest_route=%2Fwp%2Fv2%2Fcomments&post=9647"}],"version-history":[{"count":23,"href":"http:\/\/rund-um-ascheffel.de\/index.php?rest_route=\/wp\/v2\/pages\/9647\/revisions"}],"predecessor-version":[{"id":12160,"href":"http:\/\/rund-um-ascheffel.de\/index.php?rest_route=\/wp\/v2\/pages\/9647\/revisions\/12160"}],"wp:attachment":[{"href":"http:\/\/rund-um-ascheffel.de\/index.php?rest_route=%2Fwp%2Fv2%2Fmedia&parent=9647"}],"curies":[{"name":"wp","href":"https:\/\/api.w.org\/{rel}","templated":true}]}}