{"id":105,"date":"2014-08-12T14:09:40","date_gmt":"2014-08-12T12:09:40","guid":{"rendered":"http:\/\/ascheffel.athletico-buedelsdorf.de\/?page_id=105"},"modified":"2014-08-12T14:09:53","modified_gmt":"2014-08-12T12:09:53","slug":"absage-cancellation-rund-um-ascheffel-und-giro-nortorf","status":"publish","type":"page","link":"https:\/\/rund-um-ascheffel.de\/?page_id=105","title":{"rendered":"Absage \/ Cancellation &#8222;Rund um Ascheffel&#8220; und &#8222;Giro Nortorf&#8220;"},"content":{"rendered":"<p>Das gab es noch nie ! Die Organisation der Veranstaltungen stehen ; die Genehmigungen liegen vor ; die Sponsoren halten uns die Treue ; mehr als 800\u00a0Radsportler wollen Rennen bei uns fahren\u00a0und dann spielt das Wetter verr\u00fcckt.<\/p>\n<p>Heute Abend haben wir als Organisatoren von &#8222;Rund um Ascheffel&#8220; und &#8222;Giro Nortorf&#8220; besprochen, was wir angesichts des Wetters machen.<\/p>\n<p>Hier im Norden soll es bis einschlie\u00dflich Donnerstag schneien, dazu sind hier dauerhafte Minusgrade und ein heftiger Ostwind bis zum Wochenende zu erwarten. Unsere Rennstrecken weisen heute\u00a0zum Gro\u00dfteil\u00a0eine geschlossene Schneedecke auf &#8211; ein Abtauen bis zum Wochenende ist kaum zu erwarten.<\/p>\n<p>Wir wollen und m\u00fcssen unserer Verantwortung als Veranstalter gegen\u00fcber\u00a0den Radsportlern und auch den Helfern, die jeweils f\u00fcr Stunden Streckenposten etc. stehen, gerecht werden.<\/p>\n<p><strong>Da wir Eure Sicherheit\u00a0angesichts der Wetterkapriolen nicht gew\u00e4hrleisten k\u00f6nnen und auch niemandem unn\u00f6tige Reisestrapazen und Kosten zumuten m\u00f6chten, haben wir uns heute Abend dazu entschieden, beide Rennen rechtzeitig abzusagen.<\/strong><\/p>\n<p>Die Nenngelder werden wir selbstverst\u00e4ndlich zur\u00fcck\u00fcberweisen. Das wird angesichts der Vielzahl der \u00dcberweisungen allerdings einige Tage\/ Wochen dauern.<\/p>\n<p>Wir hoffen,\u00a0Ihr k\u00f6nnt unsere Entscheidung nachvollziehen.<\/p>\n<p>Wir sehen uns dann in 2014 auf ein Neues bei &#8222;Rund um Ascheffel&#8220; und &#8222;Giro Nortorf&#8220;<\/p>\n<p>Herzliche Gr\u00fc\u00dfe, Eure Organisatoren von &#8222;Rund um Ascheffel&#8220;<\/p>\n<p>Manfred Bartsch\u00a0\u00a0\u00a0\u00a0\u00a0\u00a0\u00a0\u00a0Holger Thielen<\/p>\n<p>M\u00f6chtet Ihr etwas mitteilen ? Dann bitte -&gt; <a href=\"mailto:bartsch-bartsch@web.de\">bartsch-bartsch@web.de<\/a><\/p>\n<p>&#8212;&#8212;&#8212;&#8212;&#8212;&#8212;&#8212;&#8212;&#8212;&#8212;&#8212;&#8212;&#8212;&#8212;&#8212;&#8212;&#8212;&#8212;&#8212;&#8212;&#8212;&#8212;&#8212;&#8212;&#8212;&#8212;&#8212;&#8212;&#8212;&#8212;&#8212;&#8212;&#8212;&#8212;&#8212;&#8212;&#8212;&#8212;&#8212;&#8212;&#8212;&#8212;&#8212;&#8212;&#8212;&#8212;&#8212;&#8212;&#8212;&#8212;&#8212;&#8212;&#8212;&#8212;&#8212;&#8212;&#8212;&#8212;-<\/p>\n<p><span style=\"color: #0000ff;\">All is ready for the race, but the weather conditions in North Germany are too bad to organize road races. The temperature is constantly below 0\u00b0 and it will snow until Thursday. In addition to that it will be very windy on weekend &#8211; that will cause snowdrifts along the course.<\/span><\/p>\n<p>Today, the organisation-team of &#8222;Rund um Ascheffel&#8220; and &#8220; Giro Nortorf&#8220; had a meeting and we discussed the situation. After all we cannot guarantee your safety during the race. Additional we want to avoid useless costs for travelling to us and decided to cancel the races.<\/p>\n<p>We are very sorry about this, nevertheless we are thinking, that\u00a0 the decision is at the right time and for all involved people the right way.<\/p>\n<p>Be sure, that we\u00b4ll pay the entry fee back &#8211; please give us a few days.<\/p>\n<p>We hope, you understand our decision. In 2014 we will see us again in &#8222;Rund um Ascheffel&#8220; and &#8222;Giro Nortorf&#8220;<\/p>\n<p>Your Team of\u00a0 &#8222;Rund um Ascheffel&#8220;.<\/p>\n<p>Manfred Bartsch\u00a0 and Holger Thielen<\/p>\n<p>Please contact us under <a href=\"mailto:bartsch-bartsch@web.de\">bartsch-bartsch@web.de<\/a><\/p>\n<p>&#8212;&#8212;&#8212;&#8212;&#8212;&#8212;&#8212;&#8212;&#8212;&#8212;&#8212;&#8212;&#8212;&#8212;&#8212;&#8212;&#8212;&#8212;&#8212;&#8212;&#8212;&#8212;&#8212;&#8212;&#8212;&#8212;&#8212;&#8212;&#8212;&#8212;&#8212;&#8212;&#8212;&#8212;&#8212;&#8212;&#8212;&#8212;&#8212;&#8212;&#8212;&#8212;&#8212;&#8212;&#8212;&#8212;&#8212;&#8212;&#8212;&#8212;&#8212;&#8212;&#8212;&#8212;&#8212;&#8212;&#8212;&#8212;&#8212;<\/p>\n<p>Dienstag, 19.03.2013 : Anhaltende Schneef\u00e4lle ; starker Wind aus Osten ; egal, was zum Wochenende an Ver\u00e4nderung kommt -&gt; Die Renn-Absage war richtig.<\/p>\n<p><span style=\"color: #0000ff;\">Tuesday, 19<sup>th<\/sup> of March : Snowfall for hours ; strong easterly wind ; our decision of cancellation was alright<\/span><\/p>\n<p>&#8212;&#8212;&#8212;&#8212;&#8212;&#8212;&#8212;&#8212;&#8212;&#8212;&#8212;&#8212;&#8212;&#8212;&#8212;&#8212;&#8212;&#8212;&#8212;&#8212;&#8212;&#8212;&#8212;&#8212;&#8212;&#8212;&#8212;&#8212;&#8212;&#8212;&#8212;&#8212;&#8212;&#8212;&#8212;&#8212;&#8212;&#8212;&#8212;&#8212;&#8212;&#8212;&#8212;&#8212;&#8212;&#8212;&#8212;&#8212;&#8212;&#8212;&#8212;&#8212;&#8212;&#8212;&#8212;&#8212;&#8212;&#8212;&#8212;<\/p>\n<p>Mittwoch, 20.03.2013 : Weitere Schneef\u00e4lle ; glatte Stra\u00dfen, viele Auto-Unf\u00e4lle<\/p>\n<p><span style=\"color: #0000ff;\">Wednesday, 20<sup>th<\/sup> of March : Continuous snowfall ; slippery roads ; many car accidents<br \/>\n<\/span><\/p>\n<p>&#8212;&#8212;&#8212;&#8212;&#8212;&#8212;&#8212;&#8212;&#8212;&#8212;&#8212;&#8212;&#8212;&#8212;&#8212;&#8212;&#8212;&#8212;&#8212;&#8212;&#8212;&#8212;&#8212;&#8212;&#8212;&#8212;&#8212;&#8212;&#8212;&#8212;&#8212;&#8212;&#8212;&#8212;&#8212;&#8212;&#8212;&#8212;&#8212;&#8212;&#8212;&#8212;&#8212;&#8212;&#8212;&#8212;&#8212;&#8212;&#8212;&#8212;&#8212;&#8212;&#8212;&#8212;&#8212;&#8212;&#8212;&#8212;&#8212;<\/p>\n<p>Donnerstag, 21.03.2013 : Weitere\u00a0 3 cm Schnee ; tja, dann bis n\u00e4chstes Jahr !<\/p>\n<p><span style=\"color: #0000ff;\">Thursday, 21<sup>st<\/sup> of March : Another 3 cm of snow ; see you next year !<\/span><\/p>\n","protected":false},"excerpt":{"rendered":"<p>Das gab es noch nie ! Die Organisation der Veranstaltungen stehen ; die Genehmigungen liegen vor ; die Sponsoren halten uns die Treue ; mehr als 800\u00a0Radsportler wollen Rennen bei uns fahren\u00a0und dann spielt&#46;&#46;&#46;<\/p>\n","protected":false},"author":1,"featured_media":0,"parent":0,"menu_order":0,"comment_status":"open","ping_status":"open","template":"","meta":{"ngg_post_thumbnail":0},"_links":{"self":[{"href":"https:\/\/rund-um-ascheffel.de\/index.php?rest_route=\/wp\/v2\/pages\/105"}],"collection":[{"href":"https:\/\/rund-um-ascheffel.de\/index.php?rest_route=\/wp\/v2\/pages"}],"about":[{"href":"https:\/\/rund-um-ascheffel.de\/index.php?rest_route=\/wp\/v2\/types\/page"}],"author":[{"embeddable":true,"href":"https:\/\/rund-um-ascheffel.de\/index.php?rest_route=\/wp\/v2\/users\/1"}],"replies":[{"embeddable":true,"href":"https:\/\/rund-um-ascheffel.de\/index.php?rest_route=%2Fwp%2Fv2%2Fcomments&post=105"}],"version-history":[{"count":2,"href":"https:\/\/rund-um-ascheffel.de\/index.php?rest_route=\/wp\/v2\/pages\/105\/revisions"}],"predecessor-version":[{"id":107,"href":"https:\/\/rund-um-ascheffel.de\/index.php?rest_route=\/wp\/v2\/pages\/105\/revisions\/107"}],"wp:attachment":[{"href":"https:\/\/rund-um-ascheffel.de\/index.php?rest_route=%2Fwp%2Fv2%2Fmedia&parent=105"}],"curies":[{"name":"wp","href":"https:\/\/api.w.org\/{rel}","templated":true}]}}