{"id":12245,"date":"2020-11-17T15:06:36","date_gmt":"2020-11-17T13:06:36","guid":{"rendered":"http:\/\/ascheffel.athletico-buedelsdorf.de\/?page_id=12245"},"modified":"2020-11-17T15:06:37","modified_gmt":"2020-11-17T13:06:37","slug":"traditionelt-saisonstart-lob","status":"publish","type":"page","link":"https:\/\/rund-um-ascheffel.de\/?page_id=12245","title":{"rendered":"Traditionelt-Saisonstart-L\u00f8b"},"content":{"rendered":"\n<p>Med mere\nend 700 ryttere til start, herunder mindst 250 danske cykelryttere.<br>\n2019 blev l\u00f8bet k\u00e5ret til \u201dCykelsportens Monument\u201d af Bund Deutscher\nRadfahrer!<\/p>\n\n\n\n<p>\u00c5ben for alle licens-klasser, lige fra U11 til Masters4. Klasser starter i eget felt. <\/p>\n\n\n\n<p>Derudover 2 motionsl\u00f8b !<\/p>\n\n\n\n<p>Sp\u00e6ndende, bakket og vindbl\u00e6st rute, der er sp\u00e6rret komplet\nfor al \u00f8vrig trafik.<br>\nM\u00e5lstr\u00e6kningen f\u00f8rer op ad\nbakke. God asfalt. Professionelt m\u00e5levaluering med chip takket v\u00e6ret <strong><a href=\"https:\/\/www.herzog-sport.de\" target=\"_blank\" rel=\"noreferrer noopener\">www.herzog-sport.de<\/a><\/strong><\/p>\n\n\n\n<p>Udskrivning <strong>p\u00e5 <a rel=\"noreferrer noopener\" href=\"https:\/\/www.rad-net.de\" target=\"_blank\">www.rad-net.de<\/a><\/strong> \u2192\u2192Ausschreibung\u2192\u2192Filter DISZIPLIN \u201dStra\u00dfe\u201c \u2013 og Bundesland \u201eSchleswig-Holstein\u201c. Yderlige informationer p\u00e5 Homepage <strong><a rel=\"noreferrer noopener\" href=\"http:\/\/ascheffel.athletico-buedelsdorf.de\" target=\"_blank\">\u201d30. Rund um Ascheffel\u201d<\/a><\/strong><\/p>\n\n\n\n<p>Dagen efter (s\u00f8ndag den 20.03.2021). Start hos vores danske partner i R\u00f8dekro CC i S\u00f8nderjylland. <strong><a rel=\"noreferrer noopener\" href=\"https:\/\/www.rkcc.dk\/\" target=\"_blank\">\u201dMeldgaardl\u00f8bet\u201d<\/a><\/strong> er et lignende sp\u00e6ndende l\u00f8b med en lang og flad m\u00e5lstr\u00e6kning. Med en kraftig stigning over \u201dHundeklem\u201d 5 km inden m\u00e5let.<\/p>\n\n\n\n<p>Alts\u00e5 et sp\u00e6ndende Dobbelt-Event <\/p>\n","protected":false},"excerpt":{"rendered":"<p>Med mere end 700 ryttere til start, herunder mindst 250 danske cykelryttere. 2019 blev l\u00f8bet k\u00e5ret til \u201dCykelsportens Monument\u201d af Bund Deutscher Radfahrer! \u00c5ben for alle licens-klasser, lige fra U11 til Masters4. Klasser starter&#46;&#46;&#46;<\/p>\n","protected":false},"author":2,"featured_media":0,"parent":0,"menu_order":0,"comment_status":"closed","ping_status":"closed","template":"","meta":{"ngg_post_thumbnail":0},"_links":{"self":[{"href":"https:\/\/rund-um-ascheffel.de\/index.php?rest_route=\/wp\/v2\/pages\/12245"}],"collection":[{"href":"https:\/\/rund-um-ascheffel.de\/index.php?rest_route=\/wp\/v2\/pages"}],"about":[{"href":"https:\/\/rund-um-ascheffel.de\/index.php?rest_route=\/wp\/v2\/types\/page"}],"author":[{"embeddable":true,"href":"https:\/\/rund-um-ascheffel.de\/index.php?rest_route=\/wp\/v2\/users\/2"}],"replies":[{"embeddable":true,"href":"https:\/\/rund-um-ascheffel.de\/index.php?rest_route=%2Fwp%2Fv2%2Fcomments&post=12245"}],"version-history":[{"count":1,"href":"https:\/\/rund-um-ascheffel.de\/index.php?rest_route=\/wp\/v2\/pages\/12245\/revisions"}],"predecessor-version":[{"id":12246,"href":"https:\/\/rund-um-ascheffel.de\/index.php?rest_route=\/wp\/v2\/pages\/12245\/revisions\/12246"}],"wp:attachment":[{"href":"https:\/\/rund-um-ascheffel.de\/index.php?rest_route=%2Fwp%2Fv2%2Fmedia&parent=12245"}],"curies":[{"name":"wp","href":"https:\/\/api.w.org\/{rel}","templated":true}]}}