{"id":9254,"date":"2016-03-24T11:31:20","date_gmt":"2016-03-24T09:31:20","guid":{"rendered":"http:\/\/ascheffel.athletico-buedelsdorf.de\/?page_id=9254"},"modified":"2016-03-24T11:31:20","modified_gmt":"2016-03-24T09:31:20","slug":"24-rund-um-ascheffel-das-wars","status":"publish","type":"page","link":"https:\/\/rund-um-ascheffel.de\/?page_id=9254","title":{"rendered":"24. Rund um Ascheffel &#8230; das war\u00b4s &#8230;"},"content":{"rendered":"<p><a href=\"http:\/\/ascheffel.athletico-buedelsdorf.de\/wp-content\/uploads\/2014\/08\/Logo-BDR.jpg\"><img loading=\"lazy\" class=\"alignleft wp-image-8730\" src=\"http:\/\/ascheffel.athletico-buedelsdorf.de\/wp-content\/uploads\/2014\/08\/Logo-BDR.jpg\" alt=\"Logo BDR\" width=\"239\" height=\"92\" \/><\/a>Bei trockenem, z.T. sogar sonnigem Wetter konnten wir Euch wieder eine <strong>Rennsport-Veranstaltung der Spitzenklasse<\/strong> bieten. &#8211; Die <strong>Begrenzung<\/strong> der Renn-Felder auf maximal 80 (Ausnahme : B\/C = 120 ; KT A\/B : 150) hat sich <strong>bew\u00e4hrt<\/strong>. Das hat eine sp\u00fcrbare Ruhe mit ausgebliebener Renn-Hektik bewirkt. &#8211; Im n\u00e4chstes Jahr wird es das Doppel &#8222;Rund um Ascheffel&#8220; und &#8222;Giro Nortorf&#8220; wieder geben ; rechnet mit Sa.\/So. 19.\/20. M\u00e4rz 2016.<\/p>\n<p><span style=\"color: #ff0000;\"><strong>Zu Meckern gibt es immer etwas :<\/strong><\/span> Die Rennstrecke war durch weggeworfene Gel-Beutel (M\u00fcsliriegel-Papier &#8230;) so verdreckt, da\u00df unser M\u00fcll-Sammel-Team mehrere (!) S\u00e4cke f\u00fcllen mu\u00dfte. So etwas hatten wir in diesem Ausma\u00df noch nie. Sind wir jetzt alle Profis, die ja schon traditionell keinerlei Umweltbewu\u00dftsein mitbringen und und in jeder TV-\u00dcbertragung nachweisen, wie man sich bescheuert und gedankenlos entsorgt. Das k\u00f6nnen wir Amateure besser ; und m\u00fcssen im n\u00e4chsten Jahr solche Rumschmei\u00dferei sein lassen. &#8211; Nat\u00fcrlich ist dieses Verhalten von den Anwohnern nicht unbemerkt geblieben. Und wir mu\u00dften so manche Emotion bes\u00e4nftigen.<\/p>\n<p><span style=\"color: #0000ff;\">Ansonsten aber : Alles gut ! Bis n\u00e4chstes Jahr !<\/span><\/p>\n","protected":false},"excerpt":{"rendered":"<p>Bei trockenem, z.T. sogar sonnigem Wetter konnten wir Euch wieder eine Rennsport-Veranstaltung der Spitzenklasse bieten. &#8211; Die Begrenzung der Renn-Felder auf maximal 80 (Ausnahme : B\/C = 120 ; KT A\/B : 150) hat&#46;&#46;&#46;<\/p>\n","protected":false},"author":2,"featured_media":0,"parent":0,"menu_order":0,"comment_status":"closed","ping_status":"closed","template":"","meta":{"ngg_post_thumbnail":0},"_links":{"self":[{"href":"https:\/\/rund-um-ascheffel.de\/index.php?rest_route=\/wp\/v2\/pages\/9254"}],"collection":[{"href":"https:\/\/rund-um-ascheffel.de\/index.php?rest_route=\/wp\/v2\/pages"}],"about":[{"href":"https:\/\/rund-um-ascheffel.de\/index.php?rest_route=\/wp\/v2\/types\/page"}],"author":[{"embeddable":true,"href":"https:\/\/rund-um-ascheffel.de\/index.php?rest_route=\/wp\/v2\/users\/2"}],"replies":[{"embeddable":true,"href":"https:\/\/rund-um-ascheffel.de\/index.php?rest_route=%2Fwp%2Fv2%2Fcomments&post=9254"}],"version-history":[{"count":1,"href":"https:\/\/rund-um-ascheffel.de\/index.php?rest_route=\/wp\/v2\/pages\/9254\/revisions"}],"predecessor-version":[{"id":9255,"href":"https:\/\/rund-um-ascheffel.de\/index.php?rest_route=\/wp\/v2\/pages\/9254\/revisions\/9255"}],"wp:attachment":[{"href":"https:\/\/rund-um-ascheffel.de\/index.php?rest_route=%2Fwp%2Fv2%2Fmedia&parent=9254"}],"curies":[{"name":"wp","href":"https:\/\/api.w.org\/{rel}","templated":true}]}}