{"id":9718,"date":"2018-01-25T09:48:54","date_gmt":"2018-01-25T07:48:54","guid":{"rendered":"http:\/\/ascheffel.athletico-buedelsdorf.de\/?page_id=9718"},"modified":"2018-01-25T09:48:54","modified_gmt":"2018-01-25T07:48:54","slug":"zwaenge","status":"publish","type":"page","link":"https:\/\/rund-um-ascheffel.de\/?page_id=9718","title":{"rendered":"Zw\u00e4nge"},"content":{"rendered":"<p>Viele gute Ideen von au\u00dferhalb, erhalte ich regelm\u00e4\u00dfig, wie Manni ein Rad-Rennen zu organisieren hat. Leider wei\u00df ich mittlerweile aus jahrelanger Erfahrung, da\u00df davon nichts bis fast nichts umsetzbar ist ; denn &#8230;<\/p>\n<p><span style=\"color: #ff0000;\"><strong>Als Organisator eines Rad-Rennens bist Du Spielball von Zw\u00e4ngen, Paragraphen und Anweisungen \u2013 und hast quasi null Gestaltungs-Spielraum.<\/strong><\/span><\/p>\n<p>Hier ein paar Punkte (k\u00f6nnten endlos fortgesetzt werden) &#8230;<\/p>\n<p>&#8212; Solch ein <strong>Event<\/strong> ist derart <strong>teuer<\/strong>, da\u00df es aus Nenngeldern (besser verst\u00e4ndlich : Startgeldern) nicht zu finanzieren ist. 15,00 \u20ac als maximale Einnahme pro Sportler ist viel zu niedrig. In Ascheffel kosten alleine die Absperrungen &gt;4.500,00 \u20ac. \u2013 \u201eDann stellt doch die paar Baken und Schilder selbst auf, einfach vom Bauhof holen &nbsp;&#8230;\u201c &#8211; nur &#8230; die Anordnungen der Beh\u00f6rden sind so, da\u00df selbst alle Bauh\u00f6fe zusammen genommen in unserer Reichweite diese Schilder und Baken gar nicht vorr\u00e4tig haben. Diese besitzen nur Profi-Firmen wie Autobahn-Baustellen-Ausr\u00fcster.<\/p>\n<p>&#8212; Also m\u00fcssen <strong>Sponsoren<\/strong> her. Diese gibt es ja in H\u00fclle und F\u00fclle und dr\u00e4ngen sich geradezu auf, Radsport zu unterst\u00fctzen. \u2013 Denkste &#8230; das war am Anfang f\u00fcr uns ein unertr\u00e4gliches Klinken-Putzen ; nun haben wir uns eine angenehme Treue unserer Sponsoren erwirtschaftet, da\u00df die \u20ac-Einsammlung akzeptabel abl\u00e4uft. \u2013 Dabei ist zu bedenken, da\u00df diese Sponsoren das alles aus Liebe zu der SG Athletico B\u00fcdelsdorf tun (und nicht aus Liebe zum Radsport ; mit dem haben sie -fast- gar nichts am Hut). W\u00fcrde ein anderer Verein unsere Organisation \u00fcbernehmen, d\u00fcrfte er bei Null anfangen.<\/p>\n<p>&#8212; Geld sparen, indem keine <strong>Pr\u00e4mien<\/strong> gezahlt werden. \u2013 Eine gute Idee, da diese unser Budget mit 2.000 &#8211; 3.0000 \u20ac belasten. \u2013 Dann m\u00fc\u00dfte das Rad-Rennen aber als lokales ausgeschrieben werden, mit Startverbot von Sportlern aus der Ferne, und besonders Ausgrenzung von Ausl\u00e4ndern. \u2013 Gerade letztere in Form von &gt;300 D\u00e4nen haben uns aber durch ihre hohe Teilnehmer-Zahl gerettet. Und so ist klar, da\u00df man \u00fcberregional ausschreiben mu\u00df ; und damit ist laut BDR-Ordnung eine Pr\u00e4mien-Zahlung verpflichtend !<\/p>\n<p>&#8212; Der <strong>Zeitplan<\/strong> ist arg gedr\u00e4ngt. \u201eStartet doch einfach schon morgens und nicht erst um 12:00 Uhr\u201c. &#8211; Das w\u00e4re sch\u00f6n ; man k\u00f6nnte die Felder entzerren, ineinanderfahren verhindern und die Renndauer verl\u00e4ngern. \u2013 Leider spielen die vorhandenen Radsport-Gegner vor Ort nicht mit, die gegen die Tatsache, da\u00df sie 5 \u00bd Stunden im Jahr nicht so von und zu ihrem Grundst\u00fcck k\u00f6nnen, wie sie es sich w\u00fcnschen, opponieren. \u201eRadsport ist Beraubung unserer Bewegungs-Freiheit !\u201c \u2013 Wir beschneiden also Grundrechte. Darauf mu\u00df Manni erst einmal kommen.<\/p>\n<p>Weitere Infos gew\u00fcnscht ? \u2013 Gerne &#8230; Ich k\u00f6nnte hier einen Roman in Lexikon-Dicke erg\u00e4nzen.<\/p>\n<p>&nbsp;<\/p>\n<p>&nbsp;<\/p>\n","protected":false},"excerpt":{"rendered":"<p>Viele gute Ideen von au\u00dferhalb, erhalte ich regelm\u00e4\u00dfig, wie Manni ein Rad-Rennen zu organisieren hat. Leider wei\u00df ich mittlerweile aus jahrelanger Erfahrung, da\u00df davon nichts bis fast nichts umsetzbar ist ; denn &#8230; Als&#46;&#46;&#46;<\/p>\n","protected":false},"author":2,"featured_media":0,"parent":0,"menu_order":0,"comment_status":"closed","ping_status":"closed","template":"","meta":{"ngg_post_thumbnail":0},"_links":{"self":[{"href":"https:\/\/rund-um-ascheffel.de\/index.php?rest_route=\/wp\/v2\/pages\/9718"}],"collection":[{"href":"https:\/\/rund-um-ascheffel.de\/index.php?rest_route=\/wp\/v2\/pages"}],"about":[{"href":"https:\/\/rund-um-ascheffel.de\/index.php?rest_route=\/wp\/v2\/types\/page"}],"author":[{"embeddable":true,"href":"https:\/\/rund-um-ascheffel.de\/index.php?rest_route=\/wp\/v2\/users\/2"}],"replies":[{"embeddable":true,"href":"https:\/\/rund-um-ascheffel.de\/index.php?rest_route=%2Fwp%2Fv2%2Fcomments&post=9718"}],"version-history":[{"count":1,"href":"https:\/\/rund-um-ascheffel.de\/index.php?rest_route=\/wp\/v2\/pages\/9718\/revisions"}],"predecessor-version":[{"id":9719,"href":"https:\/\/rund-um-ascheffel.de\/index.php?rest_route=\/wp\/v2\/pages\/9718\/revisions\/9719"}],"wp:attachment":[{"href":"https:\/\/rund-um-ascheffel.de\/index.php?rest_route=%2Fwp%2Fv2%2Fmedia&parent=9718"}],"curies":[{"name":"wp","href":"https:\/\/api.w.org\/{rel}","templated":true}]}}